{"id":7176,"date":"2022-06-08T11:23:04","date_gmt":"2022-06-08T14:23:04","guid":{"rendered":"https:\/\/pagos.ucsf.edu.ar\/?post_type=product&#038;p=7176"},"modified":"2026-03-03T12:14:36","modified_gmt":"2026-03-03T15:14:36","slug":"le-corbusier-hacia-un-reencuentro-entre-sus-influencias-visibles-y-no-visibles-en-la-ensenanza","status":"publish","type":"product","link":"https:\/\/www.ucsf.edu.ar\/tienda\/producto\/le-corbusier-hacia-un-reencuentro-entre-sus-influencias-visibles-y-no-visibles-en-la-ensenanza\/","title":{"rendered":"LE CORBUSIER: Hacia un reencuentro entre sus influencias visibles y no visibles en la ense\u00f1anza"},"content":{"rendered":"<p>Este libro tiene como prop\u00f3sito reconsiderar la influencia de Le Corbusier en la formaci\u00f3n arquitect\u00f3nica y acad\u00e9mica del autor. \u00c9ste confronta su proyecto final como alumno (1959) con nueve obras de maestros y arquitectos destacados del siglo pasado que operaron como sus referentes y que pertenec\u00edan al llamado movimiento de arquitectura moderna.<br \/>\nLas categor\u00edas anal\u00edticas aplicadas en la confrontaci\u00f3n constituyeron un cuerpo de conceptos instrumentales claves para el aprendizaje proyectual -por esa raz\u00f3n se adoptaron- y fueron ordenadas en base al grado de visibilidad de su presencia en los casos.<br \/>\nLa interpretaci\u00f3n cr\u00edtica y anal\u00edtica de la confrontaci\u00f3n permiti\u00f3 reconocer la diversidad de las influencias -visibles y ocultas- de esas obras sobre el proyecto final, y al mismo tiempo, contribuy\u00f3 a revelar la amplitud, hondura y participaci\u00f3n de Le Corbusier en el devenir del pensamiento, la ense\u00f1anza y la producci\u00f3n arquitect\u00f3nica de la Escuela de Arquitectura de Rosario en ese momento.<\/p>\n","protected":false},"excerpt":{"rendered":"<p>LE CORBUSIER: Hacia un reencuentro entre sus influencias visibles y no visibles en la ense\u00f1anza<\/p>\n<p><strong>An\u00edbal Molin\u00e9<\/strong><\/p>\n","protected":false},"author":152,"featured_media":7177,"comment_status":"closed","ping_status":"closed","template":"","meta":{"_acf_changed":false},"product_brand":[],"product_cat":[459],"product_tag":[663,668,669],"class_list":{"0":"post-7176","1":"product","2":"type-product","3":"status-publish","4":"has-post-thumbnail","6":"product_cat-libros","7":"product_tag-arquitectura","8":"product_tag-le-corbusier","9":"product_tag-ensenanza","11":"first","12":"instock","13":"shipping-taxable","14":"purchasable","15":"product-type-simple"},"acf":[],"_links":{"self":[{"href":"https:\/\/www.ucsf.edu.ar\/tienda\/wp-json\/wp\/v2\/product\/7176","targetHints":{"allow":["GET"]}}],"collection":[{"href":"https:\/\/www.ucsf.edu.ar\/tienda\/wp-json\/wp\/v2\/product"}],"about":[{"href":"https:\/\/www.ucsf.edu.ar\/tienda\/wp-json\/wp\/v2\/types\/product"}],"author":[{"embeddable":true,"href":"https:\/\/www.ucsf.edu.ar\/tienda\/wp-json\/wp\/v2\/users\/152"}],"replies":[{"embeddable":true,"href":"https:\/\/www.ucsf.edu.ar\/tienda\/wp-json\/wp\/v2\/comments?post=7176"}],"wp:featuredmedia":[{"embeddable":true,"href":"https:\/\/www.ucsf.edu.ar\/tienda\/wp-json\/wp\/v2\/media\/7177"}],"wp:attachment":[{"href":"https:\/\/www.ucsf.edu.ar\/tienda\/wp-json\/wp\/v2\/media?parent=7176"}],"wp:term":[{"taxonomy":"product_brand","embeddable":true,"href":"https:\/\/www.ucsf.edu.ar\/tienda\/wp-json\/wp\/v2\/product_brand?post=7176"},{"taxonomy":"product_cat","embeddable":true,"href":"https:\/\/www.ucsf.edu.ar\/tienda\/wp-json\/wp\/v2\/product_cat?post=7176"},{"taxonomy":"product_tag","embeddable":true,"href":"https:\/\/www.ucsf.edu.ar\/tienda\/wp-json\/wp\/v2\/product_tag?post=7176"}],"curies":[{"name":"wp","href":"https:\/\/api.w.org\/{rel}","templated":true}]}}